1853?
17
What is the greatest common divisor of 36 and 9378?
18
Calculate the highest common divisor of 2 and 108.
2
Calculate the highest common factor of 679 and 291.
97
What is the greatest common divisor of 1612 and 52?
52
Calculate the highest common divisor of 2 and 202.
2
What is the highest common divisor of 143 and 195?
13
Calculate the greatest common factor of 150 and 1100.
50
Calculate the highest common divisor of 2604 and 31.
31
What is the highest common divisor of 1569 and 12?
3
Calculate the greatest common factor of 492 and 36.
12
Calculate the highest common divisor of 14 and 7392.
14
Calculate the highest common divisor of 55 and 80.
5
What is the highest common factor of 976 and 16?
16
Calculate the greatest common divisor of 189 and 21.
21
What is the greatest common factor of 2295 and 405?
135
Calculate the highest common divisor of 494 and 38.
38
Calculate the highest common divisor of 22 and 352.
22
What is the greatest common divisor of 60 and 55950?
30
Calculate the greatest common factor of 24 and 36.
12
What is the highest common factor of 1035 and 45?
45
What is the greatest common factor of 666 and 3552?
222
Calculate the highest common divisor of 792 and 88.
88
Calculate the highest common factor of 1 and 2.
1
Calculate the highest common divisor of 52 and 1794.
26
What is the greatest common factor of 624 and 1482?
78
What is the highest common factor of 38 and 2242?
38
Calculate the greatest common factor of 102 and 48.
6
What is the greatest common divisor of 2130 and 30?
30
Calculate the highest common factor of 1532 and 44.
4
Calculate the greatest common divisor of 27 and 369.
9
What is the highest common divisor of 141 and 5781?
141
Calculate the greatest common factor of 266 and 70.
14
What is the highest common divisor of 90 and 1170?
90
Calculate the highest common factor of 4 and 2540.
4
What is the greatest common divisor of 189 and 297?
27
What is the highest common factor of 104 and 16?
8
Calculate the highest common divisor of 65 and 15535.
65
Calculate the highest common factor of 12 and 1068.
12
What is the greatest common divisor of 156 and 36?
12
Calculate the greatest common factor of 117765 and 45.
45
Calculate the greatest common divisor of 32 and 9760.
32
What is the greatest common factor of 147 and 980?
49
Calculate the highest common factor of 23309 and 286.
143
What is the greatest common factor of 22814 and 61?
61
What is the greatest common divisor of 75 and 255?
15
What is the greatest common factor of 6984 and 72?
72
What is the greatest common factor of 17125 and 125?
125
Calculate the greatest common factor of 1120 and 35.
35
Calculate the highest common divisor of 84 and 204.
12
What is the greatest common divisor of 24 and 180?
12
Calculate the highest common factor of 10 and 3620.
10
What is the highest common divisor of 625 and 35?
5
Calculate the highest common factor of 44 and 33.
11
Calculate the greatest common divisor of 595 and 476.
119
What is the highest common divisor of 10 and 722?
2
Calculate the highest common divisor of 133 and 38.
19
What is the greatest common divisor of 495 and 198?
99
Calculate the greatest common divisor of 4704 and 36.
12
Calculate the highest common divisor of 5355 and 90.
45
What is the highest common divisor of 858 and 156?
78
Calculate the highest common divisor of 7209 and 89.
89
What is the greatest common factor of 1654 and 2?
2
What is the greatest common factor of 576 and 9?
9
What is the highest common divisor of 7097 and 755?
151
Calculate the highest common factor of 11 and 781.
11
What is the highest common divisor of 45 and 29745?
45
What is the highest common factor of 36 and 222?
6
What is the greatest common factor of 2233 and 33?
11
Calculate the greatest common factor of 44 and 869.
11
What is the greatest common divisor of 238 and 28?
14
Calculate the highest common divisor of 31 and 31.
31
Calculate the highest common divisor of 634 and 2.
2
What is the greatest common factor of 216 and 675?
27
What is the highest common factor of 225 and 125?
25
What is the greatest common factor of 21 and 216?
3
What is the greatest common factor of 312 and 273?
39
What is the greatest common factor of 33 and 231?
33
Calculate the greatest common divisor of 5050 and 50.
50
What is the highest common divisor of 2889 and 535?
107
Calculate the highest common factor of 3 and 15.
3
Calculate the greatest common factor of 13 and 13650.
13
Calculate the highest common factor of 342 and 306.
18
Calculate the greatest common divisor of 92766 and 6.
6
Calculate the highest common factor of 17 and 272.
17
Calculate the greatest common divisor of 90 and 195.
15
Calculate the highest common factor of 640 and 40.
40
Calculate the highest common divisor of 1408 and 384.
128
Calculate the highest common factor of 30 and 48.
6
Calculate the greatest common factor of 12 and 6312.
12
What is the greatest common divisor of 116 and 14?
2
Calculate the greatest common factor of 405 and 30.
15
Calculate the greatest common factor of 87 and 696.
87
Calculate the greatest common divisor of 2635 and 85.
85
Calculate the greatest common factor of 52 and 12.
4
Calculate the greatest common divisor of 522 and 957.
87
What is the highest common factor of 6929 and 26?
13
Calculate the greatest common factor of 640 and 1580.
20
What is the greatest common factor of 270 and 666?
18
Calculate the greatest common divisor of 3143 and 49.
7
What is the highest common divisor of 33 and 11?
11
What is the greatest common divisor of 6 and 30?
6
Calculate the greatest common divisor of 1053 and 60.
3
What is the greatest common divisor of 1020 and 17?
17
What is the highest common divisor of 24 and 282?
6
What is the greatest common divisor of 84 and 36?
12
Calculate the highest common factor of 15 and 685.
5
Calculate the greatest common divisor of 1001 and 4576.
143
What is the highest common divisor of 301 and 2752?
43
What is the highest common divisor of 12103 and 57?
19
Calculate the highest common divisor of 162 and 1026.
54
Calculate the greatest common factor of 580 and 280.
20
Calculate the greatest common divisor of 136 and 4.
4
What is the greatest common divisor of 27 and 18927?
27
Calculate the greatest common divisor of 46 and 1702.
46
Calculate the greatest common factor of 121 and 121.
121
What is the greatest common factor of 540 and 9?
9
What is the greatest common divisor of 15 and 55?
5
Calculate the highest common divisor of 54622 and 62.
62
What is the highest common divisor of 351 and 39?
39
What is the highest common divisor of 114 and 30?
6
What is the highest common factor of 378 and 630?
126
What is the greatest common divisor of 86 and 344?
86
What is the highest common factor of 238 and 70?
14
Calculate the greatest common factor of 4 and 139.
1
Calculate the greatest common factor of 10591 and 476.
119
Calculate the highest common factor of 216 and 288.
72
Calculate the highest common divisor of 444 and 6068.
148
What is the greatest common factor of 6377 and 49?
7
What is the highest common factor of 59196 and 12?
12
What is the greatest common factor of 534 and 54?
6
What is the greatest common factor of 23 and 989?
23
What is the highest common divisor of 5 and 505?
5
Calculate the greatest common divisor of 189 and 42.
21
What is the greatest common divisor of 2 and 17?
1
Calculate the greatest common divisor of 2850 and 250.
50
What is the greatest common divisor of 21 and 6?
3
Calculate the highest common divisor of 448 and 504.
56
What is the greatest common factor of 4346 and 164?
82
What is the greatest common divisor of 208 and 13?
13
What is the greatest common factor of 5296 and 192?
16
What is the highest common divisor of 330 and 885?
15
What is the highest common factor of 379 and 5?
1
Calculate the greatest common factor of 12566 and 122.
122
What is the highest common factor of 282 and 1316?
94
Calculate the highest common factor of 286 and 104.
26
Calculate the highest common factor of 36 and 27.
9
What is the highest common divisor of 474 and 11534?
158
What is the greatest common factor of 38 and 703?
19
Calculate the highest common factor of 225 and 400.
25
What is the greatest common factor of 374 and 68?
34
What is 